{"id":8103,"date":"2021-12-02T15:21:37","date_gmt":"2021-12-02T14:21:37","guid":{"rendered":"https:\/\/www.visitaltogarda.it\/vallagarina\/"},"modified":"2021-12-15T14:30:02","modified_gmt":"2021-12-15T13:30:02","slug":"vallagarina","status":"publish","type":"page","link":"https:\/\/www.visitaltogarda.it\/de\/vallagarina\/","title":{"rendered":"Vallagarina"},"content":{"rendered":"<p><div class=\"fusion-fullwidth fullwidth-box fusion-builder-row-1 fusion-flex-container fusion-parallax-none hundred-percent-fullwidth non-hundred-percent-height-scrolling\" style=\"--awb-background-position:center top;--awb-background-blend-mode:overlay;--awb-border-radius-top-left:0px;--awb-border-radius-top-right:0px;--awb-border-radius-bottom-right:0px;--awb-border-radius-bottom-left:0px;--awb-min-height:350px;--awb-background-color:rgba(0,0,0,0.26);--awb-background-image:url(&quot;https:\/\/www.visitaltogarda.it\/wp-content\/uploads\/2021\/07\/vallagarina22323-1.jpg&quot;);--awb-background-size:cover;--awb-flex-wrap:wrap;\" ><div class=\"fusion-builder-row fusion-row fusion-flex-align-items-flex-start fusion-flex-align-content-center fusion-flex-justify-content-center fusion-flex-content-wrap\" style=\"width:104% !important;max-width:104% !important;margin-left: calc(-4% \/ 2 );margin-right: calc(-4% \/ 2 );\"><div class=\"fusion-layout-column fusion_builder_column fusion-builder-column-0 fusion_builder_column_1_1 1_1 fusion-flex-column\" style=\"--awb-bg-size:cover;--awb-width-large:100%;--awb-margin-top-large:0px;--awb-spacing-right-large:1.92%;--awb-margin-bottom-large:20px;--awb-spacing-left-large:1.92%;--awb-width-medium:100%;--awb-order-medium:0;--awb-spacing-right-medium:1.92%;--awb-spacing-left-medium:1.92%;--awb-width-small:100%;--awb-order-small:0;--awb-spacing-right-small:1.92%;--awb-spacing-left-small:1.92%;\"><div class=\"fusion-column-wrapper fusion-column-has-shadow fusion-flex-justify-content-center fusion-content-layout-row\"><div class=\"fusion-title title fusion-title-1 fusion-sep-none fusion-title-text fusion-title-size-one\" style=\"--awb-margin-top:30px;--awb-margin-top-small:10px;--awb-margin-right-small:0px;--awb-margin-bottom-small:10px;--awb-margin-left-small:0px;\"><h1 class=\"fusion-title-heading title-heading-left\" style=\"margin:0;text-shadow:1px 1px 4px rgba(0,0,0,0.74);\">Vallagarina<\/h1><\/div><\/div><\/div><\/div><\/div><div id=\"benvenuto\" class=\"fusion-container-anchor\"><div class=\"fusion-fullwidth fullwidth-box fusion-builder-row-2 fusion-flex-container nonhundred-percent-fullwidth non-hundred-percent-height-scrolling\" style=\"--awb-background-position:left top;--awb-border-sizes-top:0px;--awb-border-sizes-bottom:0px;--awb-border-sizes-left:0px;--awb-border-sizes-right:0px;--awb-border-radius-top-left:0px;--awb-border-radius-top-right:0px;--awb-border-radius-bottom-right:0px;--awb-border-radius-bottom-left:0px;--awb-padding-top:30px;--awb-padding-bottom:70px;--awb-flex-wrap:wrap;\" ><div class=\"fusion-builder-row fusion-row fusion-flex-align-items-flex-start fusion-flex-justify-content-center fusion-flex-content-wrap\" style=\"max-width:1248px;margin-left: calc(-4% \/ 2 );margin-right: calc(-4% \/ 2 );\"><div class=\"fusion-layout-column fusion_builder_column fusion-builder-column-1 fusion_builder_column_1_1 1_1 fusion-flex-column fusion-flex-align-self-flex-start fusion-column-no-min-height\" style=\"--awb-padding-bottom:20px;--awb-bg-size:cover;--awb-width-large:100%;--awb-margin-top-large:0px;--awb-spacing-right-large:1.92%;--awb-margin-bottom-large:20px;--awb-spacing-left-large:1.92%;--awb-width-medium:100%;--awb-spacing-right-medium:1.92%;--awb-spacing-left-medium:1.92%;--awb-width-small:100%;--awb-spacing-right-small:1.92%;--awb-spacing-left-small:1.92%;\"><div class=\"fusion-column-wrapper fusion-flex-justify-content-flex-start fusion-content-layout-column\"><div class=\"fusion-text fusion-text-1\" style=\"--awb-content-alignment:center;\"><p style=\"text-align: justify;\">\u00d6stlich des Gardasees, hinter dem Monte Baldo, liegt Vallagarina auf der Route, auf der, \u00fcber den Brennerpass, ab dem achtzehnten Jahrhundert ber\u00fchmte Reisende ihre gro\u00dfe Reise begannen, um Italien zu entdecken.<br \/>\nHier k\u00f6nnen Sie historische Rebsorten bewundern, die dazu verlocken, einzigartige gastronomische Kombinationen zu entdecken.<\/p>\n<p><strong>Der Marzemino<\/strong> ist ein gro\u00dfartiger, lebhafter und wohlschmeckender Wein, der keine komplexe Reifung ben\u00f6tigt. Er hat ein umh\u00fcllendes Bouquet von roten Fr\u00fcchten, Pflaumen und getrockneten Blumen. Die S\u00e4ure ist anregend, die Struktur schlank, aber fest, mit einer einzigartigen Mineralit\u00e4t und sehr feinen Taninen. Er ist kein Wein, den man 10 Jahre im Keller lagern sollte, aber er bietet Finesse, anmutige Aromen und einen gro\u00dfen Trinkgenuss, weswegen ihn selbst Mozart in Don Giovanni lobt: \u201eMan schenke den ausgezeichneten Marzemino ein!\u201c<\/p>\n<p><strong>Der Cabernet<\/strong>, tief rubinrot, mit intensiven und komplexen Aromen von roten und schwarzen Beeren und eleganten w\u00fcrzigen Nuancen. Er \u00f6ffnet sich mit fruchtigen D\u00fcften und bereichert sich dann mit Noten von Holz, Humus und Tabak.<\/p>\n<p>Der vom Schweizer \u00d6nologen Hermann M\u00fcller aus Kreuzungen von <strong>Rheinriesling<\/strong> und <strong>Madeleine Royal<\/strong> kreierte <strong>M\u00fcller Thurgau<\/strong> hat ein intensives, aromatisches und fruchtiges Bouquet und einen frischen, vollen Geschmack mit einem angenehmen aromatischen Nachgeschmack. Das besondere Aroma dieses Weines erinnert an Noten von Pfirsich und an blumige Noten von Muskatrosen.<\/p>\n<p>Der gelbe <strong>Moscato<\/strong>, eine Rebe syrischen Ursprungs, die von venezianischen Kaufleuten aus Griechenland importiert wurde, ergibt einen Wein von heller strohgelber und goldener Farbe. Sein Duft ist delikat mit zarten Noten von Muskatnuss, Grapefruit und Cedroessenz. Der Geschmack des gelben Moscato ist im Mund aromatisch, duftend und von intensiver Frische mit einer leichten Herbheit und einem anhaltenden Aroma. Es passt perfekt zu trockenem Geb\u00e4ck, wie Cantucci oder Mandelkeksen oder zu S\u00fc\u00dfigkeiten mit rotem Obst und zu Kuchen mit frischem Obst. Ausgezeichnet auch zu w\u00fcrzigem Hartk\u00e4se.<\/p>\n<\/div><div class=\"fusion-separator fusion-full-width-sep\" style=\"align-self: center;margin-left: auto;margin-right: auto;margin-top:15px;width:100%;\"><\/div><\/div><\/div><div class=\"fusion-layout-column fusion_builder_column fusion-builder-column-2 fusion_builder_column_1_2 1_2 fusion-flex-column\" style=\"--awb-padding-top:55px;--awb-padding-bottom:234px;--awb-padding-left:30px;--awb-overflow:hidden;--awb-bg-image:url(&#039;https:\/\/www.visitaltogarda.it\/wp-content\/uploads\/2021\/07\/vina-vallagarina4.jpg&#039;);--awb-bg-size:cover;--awb-box-shadow:0px 10px 51px 3px rgba(0,0,0,0.15);;--awb-border-radius:10px 10px 10px 10px;--awb-width-large:50%;--awb-margin-top-large:0px;--awb-spacing-right-large:0%;--awb-margin-bottom-large:20px;--awb-spacing-left-large:7.5px;--awb-width-medium:50%;--awb-spacing-right-medium:0%;--awb-spacing-left-medium:7.5px;--awb-width-small:100%;--awb-spacing-right-small:1.92%;--awb-spacing-left-small:1.92%;\"><div class=\"fusion-column-wrapper fusion-column-has-shadow fusion-flex-justify-content-flex-start fusion-content-layout-column fusion-empty-column-bg-image fusion-column-has-bg-image\" data-bg-url=\"https:\/\/www.visitaltogarda.it\/wp-content\/uploads\/2021\/07\/vina-vallagarina4.jpg\"><img decoding=\"async\" class=\"fusion-empty-dims-img-placeholder\" aria-label=\"vina-vallagarina4\" src=\"data:image\/svg+xml,%3Csvg%20xmlns%3D%27http%3A%2F%2Fwww.w3.org%2F2000%2Fsvg%27%20width%3D%27902%27%20height%3D%27600%27%20viewBox%3D%270%200%20902%20600%27%3E%3Crect%20width%3D%27902%27%20height%3D%27600%27%20fill-opacity%3D%220%22%2F%3E%3C%2Fsvg%3E\"><\/div><\/div><\/div><\/div><\/div><\/p>\n","protected":false},"excerpt":{"rendered":"","protected":false},"author":1,"featured_media":0,"parent":0,"menu_order":0,"comment_status":"closed","ping_status":"closed","template":"","meta":{"footnotes":""},"class_list":["post-8103","page","type-page","status-publish","hentry"],"yoast_head":"<!-- This site is optimized with the Yoast SEO plugin v27.4 - https:\/\/yoast.com\/product\/yoast-seo-wordpress\/ -->\n<title>Vallagarina - Visit Alto Garda<\/title>\n<meta name=\"robots\" content=\"index, follow, max-snippet:-1, max-image-preview:large, max-video-preview:-1\" \/>\n<link rel=\"canonical\" href=\"https:\/\/www.visitaltogarda.it\/de\/vallagarina\/\" \/>\n<meta property=\"og:locale\" content=\"de_DE\" \/>\n<meta property=\"og:type\" content=\"article\" \/>\n<meta property=\"og:title\" content=\"Vallagarina - Visit Alto Garda\" \/>\n<meta property=\"og:url\" content=\"https:\/\/www.visitaltogarda.it\/de\/vallagarina\/\" \/>\n<meta property=\"og:site_name\" content=\"Visit Alto Garda\" \/>\n<meta property=\"article:modified_time\" content=\"2021-12-15T13:30:02+00:00\" \/>\n<meta name=\"twitter:card\" content=\"summary_large_image\" \/>\n<meta name=\"twitter:label1\" content=\"Gesch\u00e4tzte Lesezeit\" \/>\n\t<meta name=\"twitter:data1\" content=\"6\u00a0Minuten\" \/>\n<script type=\"application\/ld+json\" class=\"yoast-schema-graph\">{\"@context\":\"https:\\\/\\\/schema.org\",\"@graph\":[{\"@type\":\"WebPage\",\"@id\":\"https:\\\/\\\/www.visitaltogarda.it\\\/de\\\/vallagarina\\\/\",\"url\":\"https:\\\/\\\/www.visitaltogarda.it\\\/de\\\/vallagarina\\\/\",\"name\":\"Vallagarina - Visit Alto Garda\",\"isPartOf\":{\"@id\":\"https:\\\/\\\/www.visitaltogarda.it\\\/de\\\/#website\"},\"datePublished\":\"2021-12-02T14:21:37+00:00\",\"dateModified\":\"2021-12-15T13:30:02+00:00\",\"breadcrumb\":{\"@id\":\"https:\\\/\\\/www.visitaltogarda.it\\\/de\\\/vallagarina\\\/#breadcrumb\"},\"inLanguage\":\"de\",\"potentialAction\":[{\"@type\":\"ReadAction\",\"target\":[\"https:\\\/\\\/www.visitaltogarda.it\\\/de\\\/vallagarina\\\/\"]}]},{\"@type\":\"BreadcrumbList\",\"@id\":\"https:\\\/\\\/www.visitaltogarda.it\\\/de\\\/vallagarina\\\/#breadcrumb\",\"itemListElement\":[{\"@type\":\"ListItem\",\"position\":1,\"name\":\"Home\",\"item\":\"https:\\\/\\\/www.visitaltogarda.it\\\/de\\\/\"},{\"@type\":\"ListItem\",\"position\":2,\"name\":\"Vallagarina\"}]},{\"@type\":\"WebSite\",\"@id\":\"https:\\\/\\\/www.visitaltogarda.it\\\/de\\\/#website\",\"url\":\"https:\\\/\\\/www.visitaltogarda.it\\\/de\\\/\",\"name\":\"Visit Alto Garda\",\"description\":\"La tua vacanza organizzata nell'Alto Garda Bresciano. Informati e prenota online dal Portale ufficiale dell'Alto Garda.\",\"potentialAction\":[{\"@type\":\"SearchAction\",\"target\":{\"@type\":\"EntryPoint\",\"urlTemplate\":\"https:\\\/\\\/www.visitaltogarda.it\\\/de\\\/?s={search_term_string}\"},\"query-input\":{\"@type\":\"PropertyValueSpecification\",\"valueRequired\":true,\"valueName\":\"search_term_string\"}}],\"inLanguage\":\"de\"}]}<\/script>\n<!-- \/ Yoast SEO plugin. -->","yoast_head_json":{"title":"Vallagarina - Visit Alto Garda","robots":{"index":"index","follow":"follow","max-snippet":"max-snippet:-1","max-image-preview":"max-image-preview:large","max-video-preview":"max-video-preview:-1"},"canonical":"https:\/\/www.visitaltogarda.it\/de\/vallagarina\/","og_locale":"de_DE","og_type":"article","og_title":"Vallagarina - Visit Alto Garda","og_url":"https:\/\/www.visitaltogarda.it\/de\/vallagarina\/","og_site_name":"Visit Alto Garda","article_modified_time":"2021-12-15T13:30:02+00:00","twitter_card":"summary_large_image","twitter_misc":{"Gesch\u00e4tzte Lesezeit":"6\u00a0Minuten"},"schema":{"@context":"https:\/\/schema.org","@graph":[{"@type":"WebPage","@id":"https:\/\/www.visitaltogarda.it\/de\/vallagarina\/","url":"https:\/\/www.visitaltogarda.it\/de\/vallagarina\/","name":"Vallagarina - Visit Alto Garda","isPartOf":{"@id":"https:\/\/www.visitaltogarda.it\/de\/#website"},"datePublished":"2021-12-02T14:21:37+00:00","dateModified":"2021-12-15T13:30:02+00:00","breadcrumb":{"@id":"https:\/\/www.visitaltogarda.it\/de\/vallagarina\/#breadcrumb"},"inLanguage":"de","potentialAction":[{"@type":"ReadAction","target":["https:\/\/www.visitaltogarda.it\/de\/vallagarina\/"]}]},{"@type":"BreadcrumbList","@id":"https:\/\/www.visitaltogarda.it\/de\/vallagarina\/#breadcrumb","itemListElement":[{"@type":"ListItem","position":1,"name":"Home","item":"https:\/\/www.visitaltogarda.it\/de\/"},{"@type":"ListItem","position":2,"name":"Vallagarina"}]},{"@type":"WebSite","@id":"https:\/\/www.visitaltogarda.it\/de\/#website","url":"https:\/\/www.visitaltogarda.it\/de\/","name":"Visit Alto Garda","description":"La tua vacanza organizzata nell'Alto Garda Bresciano. Informati e prenota online dal Portale ufficiale dell'Alto Garda.","potentialAction":[{"@type":"SearchAction","target":{"@type":"EntryPoint","urlTemplate":"https:\/\/www.visitaltogarda.it\/de\/?s={search_term_string}"},"query-input":{"@type":"PropertyValueSpecification","valueRequired":true,"valueName":"search_term_string"}}],"inLanguage":"de"}]}},"_links":{"self":[{"href":"https:\/\/www.visitaltogarda.it\/de\/wp-json\/wp\/v2\/pages\/8103","targetHints":{"allow":["GET"]}}],"collection":[{"href":"https:\/\/www.visitaltogarda.it\/de\/wp-json\/wp\/v2\/pages"}],"about":[{"href":"https:\/\/www.visitaltogarda.it\/de\/wp-json\/wp\/v2\/types\/page"}],"author":[{"embeddable":true,"href":"https:\/\/www.visitaltogarda.it\/de\/wp-json\/wp\/v2\/users\/1"}],"replies":[{"embeddable":true,"href":"https:\/\/www.visitaltogarda.it\/de\/wp-json\/wp\/v2\/comments?post=8103"}],"version-history":[{"count":3,"href":"https:\/\/www.visitaltogarda.it\/de\/wp-json\/wp\/v2\/pages\/8103\/revisions"}],"predecessor-version":[{"id":8503,"href":"https:\/\/www.visitaltogarda.it\/de\/wp-json\/wp\/v2\/pages\/8103\/revisions\/8503"}],"wp:attachment":[{"href":"https:\/\/www.visitaltogarda.it\/de\/wp-json\/wp\/v2\/media?parent=8103"}],"curies":[{"name":"wp","href":"https:\/\/api.w.org\/{rel}","templated":true}]}}

<p><div class="fusion-fullwidth fullwidth-box fusion-builder-row-1 fusion-flex-container fusion-parallax-none hundred-percent-fullwidth non-hundred-percent-height-scrolling" style="--awb-background-position:center top;--awb-background-blend-mode:overlay;--awb-border-radius-top-left:0px;--awb-border-radius-top-right:0px;--awb-border-radius-bottom-right:0px;--awb-border-radius-bottom-left:0px;--awb-min-height:350px;--awb-background-color:rgba(0,0,0,0.26);--awb-background-image:url(&quot;https://www.visitaltogarda.it/wp-content/uploads/2021/07/vallagarina22323-1.jpg&quot;);--awb-background-size:cover;--awb-flex-wrap:wrap;" ><div class="fusion-builder-row fusion-row fusion-flex-align-items-flex-start fusion-flex-align-content-center fusion-flex-justify-content-center fusion-flex-content-wrap" style="width:104% !important;max-width:104% !important;margin-left: calc(-4% / 2 );margin-right: calc(-4% / 2 );"><div class="fusion-layout-column fusion_builder_column fusion-builder-column-0 fusion_builder_column_1_1 1_1 fusion-flex-column" style="--awb-bg-size:cover;--awb-width-large:100%;--awb-margin-top-large:0px;--awb-spacing-right-large:1.92%;--awb-margin-bottom-large:20px;--awb-spacing-left-large:1.92%;--awb-width-medium:100%;--awb-order-medium:0;--awb-spacing-right-medium:1.92%;--awb-spacing-left-medium:1.92%;--awb-width-small:100%;--awb-order-small:0;--awb-spacing-right-small:1.92%;--awb-spacing-left-small:1.92%;"><div class="fusion-column-wrapper fusion-column-has-shadow fusion-flex-justify-content-center fusion-content-layout-row"><div class="fusion-title title fusion-title-1 fusion-sep-none fusion-title-text fusion-title-size-one" style="--awb-margin-top:30px;--awb-margin-top-small:10px;--awb-margin-right-small:0px;--awb-margin-bottom-small:10px;--awb-margin-left-small:0px;"><h1 class="fusion-title-heading title-heading-left" style="margin:0;text-shadow:1px 1px 4px rgba(0,0,0,0.74);">Vallagarina</h1></div></div></div></div></div><div id="benvenuto" class="fusion-container-anchor"><div class="fusion-fullwidth fullwidth-box fusion-builder-row-2 fusion-flex-container nonhundred-percent-fullwidth non-hundred-percent-height-scrolling" style="--awb-background-position:left top;--awb-border-sizes-top:0px;--awb-border-sizes-bottom:0px;--awb-border-sizes-left:0px;--awb-border-sizes-right:0px;--awb-border-radius-top-left:0px;--awb-border-radius-top-right:0px;--awb-border-radius-bottom-right:0px;--awb-border-radius-bottom-left:0px;--awb-padding-top:30px;--awb-padding-bottom:70px;--awb-flex-wrap:wrap;" ><div class="fusion-builder-row fusion-row fusion-flex-align-items-flex-start fusion-flex-justify-content-center fusion-flex-content-wrap" style="max-width:1248px;margin-left: calc(-4% / 2 );margin-right: calc(-4% / 2 );"><div class="fusion-layout-column fusion_builder_column fusion-builder-column-1 fusion_builder_column_1_1 1_1 fusion-flex-column fusion-flex-align-self-flex-start fusion-column-no-min-height" style="--awb-padding-bottom:20px;--awb-bg-size:cover;--awb-width-large:100%;--awb-margin-top-large:0px;--awb-spacing-right-large:1.92%;--awb-margin-bottom-large:20px;--awb-spacing-left-large:1.92%;--awb-width-medium:100%;--awb-spacing-right-medium:1.92%;--awb-spacing-left-medium:1.92%;--awb-width-small:100%;--awb-spacing-right-small:1.92%;--awb-spacing-left-small:1.92%;"><div class="fusion-column-wrapper fusion-flex-justify-content-flex-start fusion-content-layout-column"><div class="fusion-text fusion-text-1" style="--awb-content-alignment:center;"><p style="text-align: justify;">Östlich des Gardasees, hinter dem Monte Baldo, liegt Vallagarina auf der Route, auf der, über den Brennerpass, ab dem achtzehnten Jahrhundert berühmte Reisende ihre große Reise begannen, um Italien zu entdecken.<br />
Hier können Sie historische Rebsorten bewundern, die dazu verlocken, einzigartige gastronomische Kombinationen zu entdecken.</p>
<p><strong>Der Marzemino</strong> ist ein großartiger, lebhafter und wohlschmeckender Wein, der keine komplexe Reifung benötigt. Er hat ein umhüllendes Bouquet von roten Früchten, Pflaumen und getrockneten Blumen. Die Säure ist anregend, die Struktur schlank, aber fest, mit einer einzigartigen Mineralität und sehr feinen Taninen. Er ist kein Wein, den man 10 Jahre im Keller lagern sollte, aber er bietet Finesse, anmutige Aromen und einen großen Trinkgenuss, weswegen ihn selbst Mozart in Don Giovanni lobt: „Man schenke den ausgezeichneten Marzemino ein!“</p>
<p><strong>Der Cabernet</strong>, tief rubinrot, mit intensiven und komplexen Aromen von roten und schwarzen Beeren und eleganten würzigen Nuancen. Er öffnet sich mit fruchtigen Düften und bereichert sich dann mit Noten von Holz, Humus und Tabak.</p>
<p>Der vom Schweizer Önologen Hermann Müller aus Kreuzungen von <strong>Rheinriesling</strong> und <strong>Madeleine Royal</strong> kreierte <strong>Müller Thurgau</strong> hat ein intensives, aromatisches und fruchtiges Bouquet und einen frischen, vollen Geschmack mit einem angenehmen aromatischen Nachgeschmack. Das besondere Aroma dieses Weines erinnert an Noten von Pfirsich und an blumige Noten von Muskatrosen.</p>
<p>Der gelbe <strong>Moscato</strong>, eine Rebe syrischen Ursprungs, die von venezianischen Kaufleuten aus Griechenland importiert wurde, ergibt einen Wein von heller strohgelber und goldener Farbe. Sein Duft ist delikat mit zarten Noten von Muskatnuss, Grapefruit und Cedroessenz. Der Geschmack des gelben Moscato ist im Mund aromatisch, duftend und von intensiver Frische mit einer leichten Herbheit und einem anhaltenden Aroma. Es passt perfekt zu trockenem Gebäck, wie Cantucci oder Mandelkeksen oder zu Süßigkeiten mit rotem Obst und zu Kuchen mit frischem Obst. Ausgezeichnet auch zu würzigem Hartkäse.</p>
</div><div class="fusion-separator fusion-full-width-sep" style="align-self: center;margin-left: auto;margin-right: auto;margin-top:15px;width:100%;"></div></div></div><div class="fusion-layout-column fusion_builder_column fusion-builder-column-2 fusion_builder_column_1_2 1_2 fusion-flex-column" style="--awb-padding-top:55px;--awb-padding-bottom:234px;--awb-padding-left:30px;--awb-overflow:hidden;--awb-bg-image:url(&#039;https://www.visitaltogarda.it/wp-content/uploads/2021/07/vina-vallagarina4.jpg&#039;);--awb-bg-size:cover;--awb-box-shadow:0px 10px 51px 3px rgba(0,0,0,0.15);;--awb-border-radius:10px 10px 10px 10px;--awb-width-large:50%;--awb-margin-top-large:0px;--awb-spacing-right-large:0%;--awb-margin-bottom-large:20px;--awb-spacing-left-large:7.5px;--awb-width-medium:50%;--awb-spacing-right-medium:0%;--awb-spacing-left-medium:7.5px;--awb-width-small:100%;--awb-spacing-right-small:1.92%;--awb-spacing-left-small:1.92%;"><div class="fusion-column-wrapper fusion-column-has-shadow fusion-flex-justify-content-flex-start fusion-content-layout-column fusion-empty-column-bg-image fusion-column-has-bg-image" data-bg-url="https://www.visitaltogarda.it/wp-content/uploads/2021/07/vina-vallagarina4.jpg"><img decoding="async" class="fusion-empty-dims-img-placeholder" aria-label="vina-vallagarina4" src="data:image/svg+xml,%3Csvg%20xmlns%3D%27http%3A%2F%2Fwww.w3.org%2F2000%2Fsvg%27%20width%3D%27902%27%20height%3D%27600%27%20viewBox%3D%270%200%20902%20600%27%3E%3Crect%20width%3D%27902%27%20height%3D%27600%27%20fill-opacity%3D%220%22%2F%3E%3C%2Fsvg%3E"></div></div></div></div></div></p>

<!-- This site is optimized with the Yoast SEO plugin v27.4 - https://yoast.com/product/yoast-seo-wordpress/ -->
<title>Vallagarina - Visit Alto Garda</title>
<meta name="robots" content="index, follow, max-snippet:-1, max-image-preview:large, max-video-preview:-1" />
<link rel="canonical" href="https://www.visitaltogarda.it/de/vallagarina/" />
<meta property="og:locale" content="de_DE" />
<meta property="og:type" content="article" />
<meta property="og:title" content="Vallagarina - Visit Alto Garda" />
<meta property="og:url" content="https://www.visitaltogarda.it/de/vallagarina/" />
<meta property="og:site_name" content="Visit Alto Garda" />
<meta property="article:modified_time" content="2021-12-15T13:30:02+00:00" />
<meta name="twitter:card" content="summary_large_image" />
<meta name="twitter:label1" content="Geschätzte Lesezeit" />
	<meta name="twitter:data1" content="6 Minuten" />
<script type="application/ld+json" class="yoast-schema-graph">{"@context":"https:\/\/schema.org","@graph":[{"@type":"WebPage","@id":"https:\/\/www.visitaltogarda.it\/de\/vallagarina\/","url":"https:\/\/www.visitaltogarda.it\/de\/vallagarina\/","name":"Vallagarina - Visit Alto Garda","isPartOf":{"@id":"https:\/\/www.visitaltogarda.it\/de\/#website"},"datePublished":"2021-12-02T14:21:37+00:00","dateModified":"2021-12-15T13:30:02+00:00","breadcrumb":{"@id":"https:\/\/www.visitaltogarda.it\/de\/vallagarina\/#breadcrumb"},"inLanguage":"de","potentialAction":[{"@type":"ReadAction","target":["https:\/\/www.visitaltogarda.it\/de\/vallagarina\/"]}]},{"@type":"BreadcrumbList","@id":"https:\/\/www.visitaltogarda.it\/de\/vallagarina\/#breadcrumb","itemListElement":[{"@type":"ListItem","position":1,"name":"Home","item":"https:\/\/www.visitaltogarda.it\/de\/"},{"@type":"ListItem","position":2,"name":"Vallagarina"}]},{"@type":"WebSite","@id":"https:\/\/www.visitaltogarda.it\/de\/#website","url":"https:\/\/www.visitaltogarda.it\/de\/","name":"Visit Alto Garda","description":"La tua vacanza organizzata nell'Alto Garda Bresciano. Informati e prenota online dal Portale ufficiale dell'Alto Garda.","potentialAction":[{"@type":"SearchAction","target":{"@type":"EntryPoint","urlTemplate":"https:\/\/www.visitaltogarda.it\/de\/?s={search_term_string}"},"query-input":{"@type":"PropertyValueSpecification","valueRequired":true,"valueName":"search_term_string"}}],"inLanguage":"de"}]}</script>
<!-- / Yoast SEO plugin. -->
