{"id":7942,"date":"2021-12-01T15:57:44","date_gmt":"2021-12-01T14:57:44","guid":{"rendered":"https:\/\/www.visitaltogarda.it\/gesundheitsdienstleistungen\/"},"modified":"2021-12-15T14:10:46","modified_gmt":"2021-12-15T13:10:46","slug":"gesundheitsdienstleistungen","status":"publish","type":"page","link":"https:\/\/www.visitaltogarda.it\/de\/gesundheitsdienstleistungen\/","title":{"rendered":"Gesundheitsdienstleistungen"},"content":{"rendered":"<p><div class=\"fusion-fullwidth fullwidth-box fusion-builder-row-1 fusion-flex-container fusion-parallax-none hundred-percent-fullwidth non-hundred-percent-height-scrolling\" style=\"--awb-background-blend-mode:overlay;--awb-border-radius-top-left:0px;--awb-border-radius-top-right:0px;--awb-border-radius-bottom-right:0px;--awb-border-radius-bottom-left:0px;--awb-min-height:350px;--awb-background-color:rgba(0,0,0,0.17);--awb-background-image:url(&quot;https:\/\/www.visitaltogarda.it\/wp-content\/uploads\/2021\/05\/ambulance-1674877_1280.png&quot;);--awb-background-size:cover;--awb-flex-wrap:wrap;\" ><div class=\"fusion-builder-row fusion-row fusion-flex-align-items-flex-start fusion-flex-align-content-center fusion-flex-justify-content-center fusion-flex-content-wrap\" style=\"width:104% !important;max-width:104% !important;margin-left: calc(-4% \/ 2 );margin-right: calc(-4% \/ 2 );\"><div class=\"fusion-layout-column fusion_builder_column fusion-builder-column-0 fusion_builder_column_1_1 1_1 fusion-flex-column\" style=\"--awb-bg-size:cover;--awb-width-large:100%;--awb-margin-top-large:0px;--awb-spacing-right-large:1.92%;--awb-margin-bottom-large:20px;--awb-spacing-left-large:1.92%;--awb-width-medium:100%;--awb-order-medium:0;--awb-spacing-right-medium:1.92%;--awb-spacing-left-medium:1.92%;--awb-width-small:100%;--awb-order-small:0;--awb-spacing-right-small:1.92%;--awb-spacing-left-small:1.92%;\"><div class=\"fusion-column-wrapper fusion-column-has-shadow fusion-flex-justify-content-center fusion-content-layout-row\"><div class=\"fusion-title title fusion-title-1 fusion-sep-none fusion-title-text fusion-title-size-one\" style=\"--awb-margin-top:30px;--awb-margin-top-small:10px;--awb-margin-right-small:0px;--awb-margin-bottom-small:10px;--awb-margin-left-small:0px;\"><h1 class=\"fusion-title-heading title-heading-left\" style=\"margin:0;text-shadow:1px 1px 4px rgba(0,0,0,0.74);\">Gesundheitsdienstleistungen<\/h1><\/div><\/div><\/div><\/div><\/div><div id=\"benvenuto\" class=\"fusion-container-anchor\"><div class=\"fusion-fullwidth fullwidth-box fusion-builder-row-2 fusion-flex-container nonhundred-percent-fullwidth non-hundred-percent-height-scrolling\" style=\"--awb-background-position:left top;--awb-border-sizes-top:0px;--awb-border-sizes-bottom:0px;--awb-border-sizes-left:0px;--awb-border-sizes-right:0px;--awb-border-radius-top-left:0px;--awb-border-radius-top-right:0px;--awb-border-radius-bottom-right:0px;--awb-border-radius-bottom-left:0px;--awb-padding-top:30px;--awb-padding-bottom:70px;--awb-flex-wrap:wrap;\" ><div class=\"fusion-builder-row fusion-row fusion-flex-align-items-flex-start fusion-flex-justify-content-center fusion-flex-content-wrap\" style=\"max-width:1248px;margin-left: calc(-4% \/ 2 );margin-right: calc(-4% \/ 2 );\"><div class=\"fusion-layout-column fusion_builder_column fusion-builder-column-1 fusion_builder_column_1_1 1_1 fusion-flex-column fusion-flex-align-self-flex-start fusion-column-no-min-height\" style=\"--awb-padding-bottom:20px;--awb-bg-size:cover;--awb-width-large:100%;--awb-margin-top-large:0px;--awb-spacing-right-large:1.92%;--awb-margin-bottom-large:20px;--awb-spacing-left-large:1.92%;--awb-width-medium:100%;--awb-spacing-right-medium:1.92%;--awb-spacing-left-medium:1.92%;--awb-width-small:100%;--awb-spacing-right-small:1.92%;--awb-spacing-left-small:1.92%;\"><div class=\"fusion-column-wrapper fusion-flex-justify-content-flex-start fusion-content-layout-column\"><div class=\"fusion-text fusion-text-1\" style=\"--awb-content-alignment:center;\"><p>Der \u00e4rztliche Assistenzdienst und die Samstags-P\u00e4diatrie-Ambulanz stehen w\u00e4hrend der Zeiten zur Verf\u00fcgung, in denen der Hausarzt und\/oder der Kinderarzt nicht t\u00e4tig sind.<br \/>\nDie anwesenden \u00c4rzte leisten unaufschiebbare Hilfe, d. h. sie k\u00f6nnen nicht am n\u00e4chsten Tag an den Hausarzt \u00fcberwiesen werden, und garantieren Hausbesuche und ambulante Behandlungen.<br \/>\nDer Dienst ist kostenlos.<br \/>\nTelefonischer Kontakt und Hausbesuche: Die \u00c4rzte k\u00f6nnen w\u00e4hrend der gesamten \u00d6ffnungszeiten des Dienstes f\u00fcr telefonische Konsultationen oder Hausbesuche unter der in der gesamten Lombardei einheitlichen kostenlosen Rufnummer 116117 kontaktiert werden.<br \/>\nFahrplan tags\u00fcber (an Feiertagen und Bankfeiertagen): 8.00 &#8211; 20.00 Uhr<br \/>\nNachtstunden (jeden Tag): 20.00 &#8211; 08.00<br \/>\nDirekter Zugang zu den Ambulanzen: Die \u00c4rzte stehen, sofern sie nicht mit Hausbesuchen besch\u00e4ftigt sind, an allen Standorten f\u00fcr die ambulante Beurteilung zur Verf\u00fcgung, verschreiben ausreichend Medikamente f\u00fcr chronische Therapien, um den anschlie\u00dfenden Zugang zur Ambulanz des behandelnden Arztes zu gew\u00e4hrleisten, und stellen zu folgenden Zeiten Krankschreibungen aus<\/p>\n<p><em>\u00d6ffnungszeiten tags\u00fcber<\/em> (vor Feiertagen und an Feiertagen): 08.30 &#8211; 12.00 und 13.00 &#8211; 18.30<br \/>\n<em>Nachtstunden<\/em> (jeden Tag): 20.00 &#8211; 23.30<br \/>\nAu\u00dferhalb dieser Zeiten ist der Continuity of Care Arzt daf\u00fcr verantwortlich, die klinische Situation zu beurteilen und den Besuch gegebenenfalls auf die n\u00e4chste ambulante Zugangszeit oder auf den zust\u00e4ndigen Arzt zu verschieben.<br \/>\nHausbesuche und telefonische Beratungsgespr\u00e4che sind immer garantiert.<br \/>\nIn Notf\u00e4llen w\u00e4hlen Sie die Nummer 112.<br \/>\nDie Krankenh\u00e4user mit Erste Hilfe in der N\u00e4he des Parco Alto Garda sind:<br \/>\n&#8211; <em>Krankenhaus Gavardo &#8222;La Memoria&#8220;<\/em> &#8211; Via Gosa Andrea, 74 &#8211; 0365 3781<br \/>\n&#8211; <em>Krankenhaus Arco<\/em> &#8211; Viale dei Capitelli, 38062 Arco TN &#8211; 0464 582222<br \/>\n&#8211; <em>Krankenhaus<\/em> Desenzano del Garda &#8211; Str. Vicinale di Montecroce, 25015 &#8211; 030 91451<br \/>\n&#8211; <em>Spedali Civili di Brescia<\/em> &#8211; Piazzale Spedali Civili, 1, 25123 Brescia 030 39951<\/p>\n<\/div><div class=\"fusion-separator fusion-full-width-sep\" style=\"align-self: center;margin-left: auto;margin-right: auto;margin-top:15px;width:100%;\"><\/div><\/div><\/div><\/div><\/div><\/div><\/p>\n","protected":false},"excerpt":{"rendered":"","protected":false},"author":1,"featured_media":0,"parent":0,"menu_order":0,"comment_status":"closed","ping_status":"closed","template":"","meta":{"footnotes":""},"class_list":["post-7942","page","type-page","status-publish","hentry"],"yoast_head":"<!-- This site is optimized with the Yoast SEO plugin v27.4 - https:\/\/yoast.com\/product\/yoast-seo-wordpress\/ -->\n<title>Gesundheitsdienstleistungen - Visit Alto Garda<\/title>\n<meta name=\"robots\" content=\"index, follow, max-snippet:-1, max-image-preview:large, max-video-preview:-1\" \/>\n<link rel=\"canonical\" href=\"https:\/\/www.visitaltogarda.it\/de\/gesundheitsdienstleistungen\/\" \/>\n<meta property=\"og:locale\" content=\"de_DE\" \/>\n<meta property=\"og:type\" content=\"article\" \/>\n<meta property=\"og:title\" content=\"Gesundheitsdienstleistungen - Visit Alto Garda\" \/>\n<meta property=\"og:url\" content=\"https:\/\/www.visitaltogarda.it\/de\/gesundheitsdienstleistungen\/\" \/>\n<meta property=\"og:site_name\" content=\"Visit Alto Garda\" \/>\n<meta property=\"article:modified_time\" content=\"2021-12-15T13:10:46+00:00\" \/>\n<meta name=\"twitter:card\" content=\"summary_large_image\" \/>\n<meta name=\"twitter:label1\" content=\"Gesch\u00e4tzte Lesezeit\" \/>\n\t<meta name=\"twitter:data1\" content=\"6\u00a0Minuten\" \/>\n<script type=\"application\/ld+json\" class=\"yoast-schema-graph\">{\"@context\":\"https:\\\/\\\/schema.org\",\"@graph\":[{\"@type\":\"WebPage\",\"@id\":\"https:\\\/\\\/www.visitaltogarda.it\\\/de\\\/gesundheitsdienstleistungen\\\/\",\"url\":\"https:\\\/\\\/www.visitaltogarda.it\\\/de\\\/gesundheitsdienstleistungen\\\/\",\"name\":\"Gesundheitsdienstleistungen - Visit Alto Garda\",\"isPartOf\":{\"@id\":\"https:\\\/\\\/www.visitaltogarda.it\\\/de\\\/#website\"},\"datePublished\":\"2021-12-01T14:57:44+00:00\",\"dateModified\":\"2021-12-15T13:10:46+00:00\",\"breadcrumb\":{\"@id\":\"https:\\\/\\\/www.visitaltogarda.it\\\/de\\\/gesundheitsdienstleistungen\\\/#breadcrumb\"},\"inLanguage\":\"de\",\"potentialAction\":[{\"@type\":\"ReadAction\",\"target\":[\"https:\\\/\\\/www.visitaltogarda.it\\\/de\\\/gesundheitsdienstleistungen\\\/\"]}]},{\"@type\":\"BreadcrumbList\",\"@id\":\"https:\\\/\\\/www.visitaltogarda.it\\\/de\\\/gesundheitsdienstleistungen\\\/#breadcrumb\",\"itemListElement\":[{\"@type\":\"ListItem\",\"position\":1,\"name\":\"Home\",\"item\":\"https:\\\/\\\/www.visitaltogarda.it\\\/de\\\/\"},{\"@type\":\"ListItem\",\"position\":2,\"name\":\"Gesundheitsdienstleistungen\"}]},{\"@type\":\"WebSite\",\"@id\":\"https:\\\/\\\/www.visitaltogarda.it\\\/de\\\/#website\",\"url\":\"https:\\\/\\\/www.visitaltogarda.it\\\/de\\\/\",\"name\":\"Visit Alto Garda\",\"description\":\"La tua vacanza organizzata nell'Alto Garda Bresciano. Informati e prenota online dal Portale ufficiale dell'Alto Garda.\",\"potentialAction\":[{\"@type\":\"SearchAction\",\"target\":{\"@type\":\"EntryPoint\",\"urlTemplate\":\"https:\\\/\\\/www.visitaltogarda.it\\\/de\\\/?s={search_term_string}\"},\"query-input\":{\"@type\":\"PropertyValueSpecification\",\"valueRequired\":true,\"valueName\":\"search_term_string\"}}],\"inLanguage\":\"de\"}]}<\/script>\n<!-- \/ Yoast SEO plugin. -->","yoast_head_json":{"title":"Gesundheitsdienstleistungen - Visit Alto Garda","robots":{"index":"index","follow":"follow","max-snippet":"max-snippet:-1","max-image-preview":"max-image-preview:large","max-video-preview":"max-video-preview:-1"},"canonical":"https:\/\/www.visitaltogarda.it\/de\/gesundheitsdienstleistungen\/","og_locale":"de_DE","og_type":"article","og_title":"Gesundheitsdienstleistungen - Visit Alto Garda","og_url":"https:\/\/www.visitaltogarda.it\/de\/gesundheitsdienstleistungen\/","og_site_name":"Visit Alto Garda","article_modified_time":"2021-12-15T13:10:46+00:00","twitter_card":"summary_large_image","twitter_misc":{"Gesch\u00e4tzte Lesezeit":"6\u00a0Minuten"},"schema":{"@context":"https:\/\/schema.org","@graph":[{"@type":"WebPage","@id":"https:\/\/www.visitaltogarda.it\/de\/gesundheitsdienstleistungen\/","url":"https:\/\/www.visitaltogarda.it\/de\/gesundheitsdienstleistungen\/","name":"Gesundheitsdienstleistungen - Visit Alto Garda","isPartOf":{"@id":"https:\/\/www.visitaltogarda.it\/de\/#website"},"datePublished":"2021-12-01T14:57:44+00:00","dateModified":"2021-12-15T13:10:46+00:00","breadcrumb":{"@id":"https:\/\/www.visitaltogarda.it\/de\/gesundheitsdienstleistungen\/#breadcrumb"},"inLanguage":"de","potentialAction":[{"@type":"ReadAction","target":["https:\/\/www.visitaltogarda.it\/de\/gesundheitsdienstleistungen\/"]}]},{"@type":"BreadcrumbList","@id":"https:\/\/www.visitaltogarda.it\/de\/gesundheitsdienstleistungen\/#breadcrumb","itemListElement":[{"@type":"ListItem","position":1,"name":"Home","item":"https:\/\/www.visitaltogarda.it\/de\/"},{"@type":"ListItem","position":2,"name":"Gesundheitsdienstleistungen"}]},{"@type":"WebSite","@id":"https:\/\/www.visitaltogarda.it\/de\/#website","url":"https:\/\/www.visitaltogarda.it\/de\/","name":"Visit Alto Garda","description":"La tua vacanza organizzata nell'Alto Garda Bresciano. Informati e prenota online dal Portale ufficiale dell'Alto Garda.","potentialAction":[{"@type":"SearchAction","target":{"@type":"EntryPoint","urlTemplate":"https:\/\/www.visitaltogarda.it\/de\/?s={search_term_string}"},"query-input":{"@type":"PropertyValueSpecification","valueRequired":true,"valueName":"search_term_string"}}],"inLanguage":"de"}]}},"_links":{"self":[{"href":"https:\/\/www.visitaltogarda.it\/de\/wp-json\/wp\/v2\/pages\/7942","targetHints":{"allow":["GET"]}}],"collection":[{"href":"https:\/\/www.visitaltogarda.it\/de\/wp-json\/wp\/v2\/pages"}],"about":[{"href":"https:\/\/www.visitaltogarda.it\/de\/wp-json\/wp\/v2\/types\/page"}],"author":[{"embeddable":true,"href":"https:\/\/www.visitaltogarda.it\/de\/wp-json\/wp\/v2\/users\/1"}],"replies":[{"embeddable":true,"href":"https:\/\/www.visitaltogarda.it\/de\/wp-json\/wp\/v2\/comments?post=7942"}],"version-history":[{"count":3,"href":"https:\/\/www.visitaltogarda.it\/de\/wp-json\/wp\/v2\/pages\/7942\/revisions"}],"predecessor-version":[{"id":8468,"href":"https:\/\/www.visitaltogarda.it\/de\/wp-json\/wp\/v2\/pages\/7942\/revisions\/8468"}],"wp:attachment":[{"href":"https:\/\/www.visitaltogarda.it\/de\/wp-json\/wp\/v2\/media?parent=7942"}],"curies":[{"name":"wp","href":"https:\/\/api.w.org\/{rel}","templated":true}]}}

<p><div class="fusion-fullwidth fullwidth-box fusion-builder-row-1 fusion-flex-container fusion-parallax-none hundred-percent-fullwidth non-hundred-percent-height-scrolling" style="--awb-background-blend-mode:overlay;--awb-border-radius-top-left:0px;--awb-border-radius-top-right:0px;--awb-border-radius-bottom-right:0px;--awb-border-radius-bottom-left:0px;--awb-min-height:350px;--awb-background-color:rgba(0,0,0,0.17);--awb-background-image:url(&quot;https://www.visitaltogarda.it/wp-content/uploads/2021/05/ambulance-1674877_1280.png&quot;);--awb-background-size:cover;--awb-flex-wrap:wrap;" ><div class="fusion-builder-row fusion-row fusion-flex-align-items-flex-start fusion-flex-align-content-center fusion-flex-justify-content-center fusion-flex-content-wrap" style="width:104% !important;max-width:104% !important;margin-left: calc(-4% / 2 );margin-right: calc(-4% / 2 );"><div class="fusion-layout-column fusion_builder_column fusion-builder-column-0 fusion_builder_column_1_1 1_1 fusion-flex-column" style="--awb-bg-size:cover;--awb-width-large:100%;--awb-margin-top-large:0px;--awb-spacing-right-large:1.92%;--awb-margin-bottom-large:20px;--awb-spacing-left-large:1.92%;--awb-width-medium:100%;--awb-order-medium:0;--awb-spacing-right-medium:1.92%;--awb-spacing-left-medium:1.92%;--awb-width-small:100%;--awb-order-small:0;--awb-spacing-right-small:1.92%;--awb-spacing-left-small:1.92%;"><div class="fusion-column-wrapper fusion-column-has-shadow fusion-flex-justify-content-center fusion-content-layout-row"><div class="fusion-title title fusion-title-1 fusion-sep-none fusion-title-text fusion-title-size-one" style="--awb-margin-top:30px;--awb-margin-top-small:10px;--awb-margin-right-small:0px;--awb-margin-bottom-small:10px;--awb-margin-left-small:0px;"><h1 class="fusion-title-heading title-heading-left" style="margin:0;text-shadow:1px 1px 4px rgba(0,0,0,0.74);">Gesundheitsdienstleistungen</h1></div></div></div></div></div><div id="benvenuto" class="fusion-container-anchor"><div class="fusion-fullwidth fullwidth-box fusion-builder-row-2 fusion-flex-container nonhundred-percent-fullwidth non-hundred-percent-height-scrolling" style="--awb-background-position:left top;--awb-border-sizes-top:0px;--awb-border-sizes-bottom:0px;--awb-border-sizes-left:0px;--awb-border-sizes-right:0px;--awb-border-radius-top-left:0px;--awb-border-radius-top-right:0px;--awb-border-radius-bottom-right:0px;--awb-border-radius-bottom-left:0px;--awb-padding-top:30px;--awb-padding-bottom:70px;--awb-flex-wrap:wrap;" ><div class="fusion-builder-row fusion-row fusion-flex-align-items-flex-start fusion-flex-justify-content-center fusion-flex-content-wrap" style="max-width:1248px;margin-left: calc(-4% / 2 );margin-right: calc(-4% / 2 );"><div class="fusion-layout-column fusion_builder_column fusion-builder-column-1 fusion_builder_column_1_1 1_1 fusion-flex-column fusion-flex-align-self-flex-start fusion-column-no-min-height" style="--awb-padding-bottom:20px;--awb-bg-size:cover;--awb-width-large:100%;--awb-margin-top-large:0px;--awb-spacing-right-large:1.92%;--awb-margin-bottom-large:20px;--awb-spacing-left-large:1.92%;--awb-width-medium:100%;--awb-spacing-right-medium:1.92%;--awb-spacing-left-medium:1.92%;--awb-width-small:100%;--awb-spacing-right-small:1.92%;--awb-spacing-left-small:1.92%;"><div class="fusion-column-wrapper fusion-flex-justify-content-flex-start fusion-content-layout-column"><div class="fusion-text fusion-text-1" style="--awb-content-alignment:center;"><p>Der ärztliche Assistenzdienst und die Samstags-Pädiatrie-Ambulanz stehen während der Zeiten zur Verfügung, in denen der Hausarzt und/oder der Kinderarzt nicht tätig sind.<br />
Die anwesenden Ärzte leisten unaufschiebbare Hilfe, d. h. sie können nicht am nächsten Tag an den Hausarzt überwiesen werden, und garantieren Hausbesuche und ambulante Behandlungen.<br />
Der Dienst ist kostenlos.<br />
Telefonischer Kontakt und Hausbesuche: Die Ärzte können während der gesamten Öffnungszeiten des Dienstes für telefonische Konsultationen oder Hausbesuche unter der in der gesamten Lombardei einheitlichen kostenlosen Rufnummer 116117 kontaktiert werden.<br />
Fahrplan tagsüber (an Feiertagen und Bankfeiertagen): 8.00 &#8211; 20.00 Uhr<br />
Nachtstunden (jeden Tag): 20.00 &#8211; 08.00<br />
Direkter Zugang zu den Ambulanzen: Die Ärzte stehen, sofern sie nicht mit Hausbesuchen beschäftigt sind, an allen Standorten für die ambulante Beurteilung zur Verfügung, verschreiben ausreichend Medikamente für chronische Therapien, um den anschließenden Zugang zur Ambulanz des behandelnden Arztes zu gewährleisten, und stellen zu folgenden Zeiten Krankschreibungen aus</p>
<p><em>Öffnungszeiten tagsüber</em> (vor Feiertagen und an Feiertagen): 08.30 &#8211; 12.00 und 13.00 &#8211; 18.30<br />
<em>Nachtstunden</em> (jeden Tag): 20.00 &#8211; 23.30<br />
Außerhalb dieser Zeiten ist der Continuity of Care Arzt dafür verantwortlich, die klinische Situation zu beurteilen und den Besuch gegebenenfalls auf die nächste ambulante Zugangszeit oder auf den zuständigen Arzt zu verschieben.<br />
Hausbesuche und telefonische Beratungsgespräche sind immer garantiert.<br />
In Notfällen wählen Sie die Nummer 112.<br />
Die Krankenhäuser mit Erste Hilfe in der Nähe des Parco Alto Garda sind:<br />
&#8211; <em>Krankenhaus Gavardo &#8222;La Memoria&#8220;</em> &#8211; Via Gosa Andrea, 74 &#8211; 0365 3781<br />
&#8211; <em>Krankenhaus Arco</em> &#8211; Viale dei Capitelli, 38062 Arco TN &#8211; 0464 582222<br />
&#8211; <em>Krankenhaus</em> Desenzano del Garda &#8211; Str. Vicinale di Montecroce, 25015 &#8211; 030 91451<br />
&#8211; <em>Spedali Civili di Brescia</em> &#8211; Piazzale Spedali Civili, 1, 25123 Brescia 030 39951</p>
</div><div class="fusion-separator fusion-full-width-sep" style="align-self: center;margin-left: auto;margin-right: auto;margin-top:15px;width:100%;"></div></div></div></div></div></div></p>

<!-- This site is optimized with the Yoast SEO plugin v27.4 - https://yoast.com/product/yoast-seo-wordpress/ -->
<title>Gesundheitsdienstleistungen - Visit Alto Garda</title>
<meta name="robots" content="index, follow, max-snippet:-1, max-image-preview:large, max-video-preview:-1" />
<link rel="canonical" href="https://www.visitaltogarda.it/de/gesundheitsdienstleistungen/" />
<meta property="og:locale" content="de_DE" />
<meta property="og:type" content="article" />
<meta property="og:title" content="Gesundheitsdienstleistungen - Visit Alto Garda" />
<meta property="og:url" content="https://www.visitaltogarda.it/de/gesundheitsdienstleistungen/" />
<meta property="og:site_name" content="Visit Alto Garda" />
<meta property="article:modified_time" content="2021-12-15T13:10:46+00:00" />
<meta name="twitter:card" content="summary_large_image" />
<meta name="twitter:label1" content="Geschätzte Lesezeit" />
	<meta name="twitter:data1" content="6 Minuten" />
<script type="application/ld+json" class="yoast-schema-graph">{"@context":"https:\/\/schema.org","@graph":[{"@type":"WebPage","@id":"https:\/\/www.visitaltogarda.it\/de\/gesundheitsdienstleistungen\/","url":"https:\/\/www.visitaltogarda.it\/de\/gesundheitsdienstleistungen\/","name":"Gesundheitsdienstleistungen - Visit Alto Garda","isPartOf":{"@id":"https:\/\/www.visitaltogarda.it\/de\/#website"},"datePublished":"2021-12-01T14:57:44+00:00","dateModified":"2021-12-15T13:10:46+00:00","breadcrumb":{"@id":"https:\/\/www.visitaltogarda.it\/de\/gesundheitsdienstleistungen\/#breadcrumb"},"inLanguage":"de","potentialAction":[{"@type":"ReadAction","target":["https:\/\/www.visitaltogarda.it\/de\/gesundheitsdienstleistungen\/"]}]},{"@type":"BreadcrumbList","@id":"https:\/\/www.visitaltogarda.it\/de\/gesundheitsdienstleistungen\/#breadcrumb","itemListElement":[{"@type":"ListItem","position":1,"name":"Home","item":"https:\/\/www.visitaltogarda.it\/de\/"},{"@type":"ListItem","position":2,"name":"Gesundheitsdienstleistungen"}]},{"@type":"WebSite","@id":"https:\/\/www.visitaltogarda.it\/de\/#website","url":"https:\/\/www.visitaltogarda.it\/de\/","name":"Visit Alto Garda","description":"La tua vacanza organizzata nell'Alto Garda Bresciano. Informati e prenota online dal Portale ufficiale dell'Alto Garda.","potentialAction":[{"@type":"SearchAction","target":{"@type":"EntryPoint","urlTemplate":"https:\/\/www.visitaltogarda.it\/de\/?s={search_term_string}"},"query-input":{"@type":"PropertyValueSpecification","valueRequired":true,"valueName":"search_term_string"}}],"inLanguage":"de"}]}</script>
<!-- / Yoast SEO plugin. -->
